{"id":415,"date":"2021-03-08T17:53:53","date_gmt":"2021-03-08T16:53:53","guid":{"rendered":"https:\/\/portaltest.nacr.cz\/cro\/?page_id=415"},"modified":"2024-06-25T11:05:51","modified_gmt":"2024-06-25T09:05:51","slug":"technicke-pozadavky-narp-2-0","status":"publish","type":"page","link":"https:\/\/portaltest.nacr.cz\/cro\/pro-puvodce\/technicke-pozadavky-narp-2-0\/","title":{"rendered":"Technick\u00e9 informace NArP 2.0"},"content":{"rendered":"\n<p><\/p>\n\n\n\n<hr class=\"wp-block-separator has-text-color has-vivid-green-cyan-color has-css-opacity has-vivid-green-cyan-background-color has-background\"\/>\n\n\n\n<div class=\"wp-block-file\"><object class=\"wp-block-file__embed\" data=\"https:\/\/portaltest.nacr.cz\/cro\/wp-content\/uploads\/2024\/06\/TPrehled-zmen_27.pdf\" type=\"application\/pdf\" style=\"width:100%;height:200px\" aria-label=\"Vlo\u017eit z Aktualizace port\u00e1lu a p\u0159ehled zm\u011bn - 25. 6. 2024.\"><\/object><a id=\"wp-block-file--media-a8cd949e-134c-453e-b4f9-58c4645e5ca6\" href=\"https:\/\/portaltest.nacr.cz\/cro\/wp-content\/uploads\/2024\/06\/TPrehled-zmen_27.pdf\">Aktualizace port\u00e1lu a p\u0159ehled zm\u011bn &#8211; 25. 6. 2024<\/a><a href=\"https:\/\/portaltest.nacr.cz\/cro\/wp-content\/uploads\/2024\/06\/TPrehled-zmen_27.pdf\" class=\"wp-block-file__button wp-element-button\" download aria-describedby=\"wp-block-file--media-a8cd949e-134c-453e-b4f9-58c4645e5ca6\">PDF &#8211; 950 kB<\/a><\/div>\n\n\n\n<div class=\"wp-block-file\"><a id=\"wp-block-file--media-88cba2c3-989a-4ed3-84cc-7770eb3dff56\" href=\"https:\/\/portaltest.nacr.cz\/cro\/wp-content\/uploads\/2022\/02\/Vyber_entit_zmeny_2022_01-1.pdf\">\u00dapravy pro zp\u0159ehledn\u011bn\u00ed ve V\u00fdb\u011bru entit 1 (PRO ARCHIV\u00c1\u0158E) (3. 2. 2021, 879 kB &#8211; PDF\/A)<\/a><a href=\"https:\/\/portaltest.nacr.cz\/cro\/wp-content\/uploads\/2022\/02\/Vyber_entit_zmeny_2022_01-1.pdf\" class=\"wp-block-file__button wp-element-button\" download aria-describedby=\"wp-block-file--media-88cba2c3-989a-4ed3-84cc-7770eb3dff56\">St\u00e1hnout<\/a><\/div>\n\n\n\n<div class=\"wp-block-file\"><a id=\"wp-block-file--media-98d10adc-e2af-4e7c-aeb0-2134054ee207\" href=\"https:\/\/portaltest.nacr.cz\/cro\/wp-content\/uploads\/2022\/01\/Pridana-moznost-zamknuti-vyberu-ze-spisu.pdf\">Podrobn\u011bji k postupu mo\u017enosti zamknut\u00ed v\u00fdb\u011bru ze spisu (21. 1. 2022, 227 kB &#8211; PDF\/A)<\/a><a href=\"https:\/\/portaltest.nacr.cz\/cro\/wp-content\/uploads\/2022\/01\/Pridana-moznost-zamknuti-vyberu-ze-spisu.pdf\" class=\"wp-block-file__button wp-element-button\" download aria-describedby=\"wp-block-file--media-98d10adc-e2af-4e7c-aeb0-2134054ee207\">St\u00e1hnout<\/a><\/div>\n\n\n\n<div class=\"wp-block-file\"><a id=\"wp-block-file--media-9ab3bdad-69fd-4ac3-924f-81aa72b41c50\" href=\"https:\/\/portaltest.nacr.cz\/cro\/wp-content\/uploads\/2022\/02\/V1221_Zmena-metadat.pdf\">Podrobn\u011bji k postupu p\u0159i zm\u011bn\u011b metadat eV\u00fdb\u011br vs. eP\u0159ed\u00e1n\u00ed (listopad 2021, 164 kB &#8211; PDF\/A)<\/a><a href=\"https:\/\/portaltest.nacr.cz\/cro\/wp-content\/uploads\/2022\/02\/V1221_Zmena-metadat.pdf\" class=\"wp-block-file__button wp-element-button\" download aria-describedby=\"wp-block-file--media-9ab3bdad-69fd-4ac3-924f-81aa72b41c50\">St\u00e1hnout<\/a><\/div>\n\n\n\n<hr class=\"wp-block-separator has-text-color has-vivid-green-cyan-color has-css-opacity has-vivid-green-cyan-background-color has-background\"\/>\n\n\n\n<h2 class=\"wp-block-heading\"><a href=\"https:\/\/portaltest.nacr.cz\/cro\/pro-puvodce\/technicke-pozadavky-narp-2-0\/prehled-kolizi-pri-nahravani-a-zpracovani-v-narodnim-archivnim-portale\" data-type=\"URL\" data-id=\"https:\/\/portaltest.nacr.cz\/cro\/pro-puvodce\/technicke-pozadavky-narp-2-0\/prehled-kolizi-pri-nahravani-a-zpracovani-v-narodnim-archivnim-portale\">P\u0159ehled koliz\u00ed v port\u00e1le<\/a> (v. 003, 3. 11. 2022)<\/h2>\n\n\n\n<p><a rel=\"noreferrer noopener\" target=\"_blank\" href=\"https:\/\/portaltest.nacr.cz\/cro\/pro-puvodce\/technicke-pozadavky-narp-2-0\/prehled-kolizi-pri-nahravani-a-zpracovani-v-narodnim-archivnim-portale\/\">https:\/\/portaltest.nacr.cz\/cro\/pro-puvodce\/technicke-pozadavky-narp-2-0\/prehled-kolizi-pri-nahravani-a-zpracovani-v-narodnim-archivnim-portale\/<\/a><\/p>\n\n\n\n<div class=\"wp-block-file\"><a id=\"wp-block-file--media-28e5c0e4-e586-4558-9f8b-3be8315ee6ad\" href=\"https:\/\/portaltest.nacr.cz\/cro\/wp-content\/uploads\/2021\/12\/Prehled-kolizi-v-portale_v.0027201.pdf\">P\u0159ehled koliz\u00ed p\u0159i nahr\u00e1v\u00e1n\u00ed a zpracov\u00e1n\u00ed datov\u00fdch bal\u00ed\u010dk\u016f SIP v port\u00e1le (v.002, 8. 12. 2021; 2 MB &#8211; PDF)<\/a><a href=\"https:\/\/portaltest.nacr.cz\/cro\/wp-content\/uploads\/2021\/12\/Prehled-kolizi-v-portale_v.0027201.pdf\" class=\"wp-block-file__button wp-element-button\" download aria-describedby=\"wp-block-file--media-28e5c0e4-e586-4558-9f8b-3be8315ee6ad\">St\u00e1hnout<\/a><\/div>\n\n\n\n<p><\/p>\n","protected":false},"excerpt":{"rendered":"P\u0159ehled koliz\u00ed v port\u00e1le (v. 003, 3. 11. 2022) https:\/\/portaltest.nacr.cz\/cro\/pro-puvodce\/technicke-pozadavky-narp-2-0\/prehled-kolizi-pri-nahravani-a-zpracovani-v-narodnim-archivnim-portale\/","protected":false},"author":3,"featured_media":0,"parent":83,"menu_order":0,"comment_status":"closed","ping_status":"closed","template":"page-templates\/page-container.php","meta":{"footnotes":""},"_links":{"self":[{"href":"https:\/\/portaltest.nacr.cz\/cro\/wp-json\/wp\/v2\/pages\/415"}],"collection":[{"href":"https:\/\/portaltest.nacr.cz\/cro\/wp-json\/wp\/v2\/pages"}],"about":[{"href":"https:\/\/portaltest.nacr.cz\/cro\/wp-json\/wp\/v2\/types\/page"}],"author":[{"embeddable":true,"href":"https:\/\/portaltest.nacr.cz\/cro\/wp-json\/wp\/v2\/users\/3"}],"replies":[{"embeddable":true,"href":"https:\/\/portaltest.nacr.cz\/cro\/wp-json\/wp\/v2\/comments?post=415"}],"version-history":[{"count":50,"href":"https:\/\/portaltest.nacr.cz\/cro\/wp-json\/wp\/v2\/pages\/415\/revisions"}],"predecessor-version":[{"id":1071,"href":"https:\/\/portaltest.nacr.cz\/cro\/wp-json\/wp\/v2\/pages\/415\/revisions\/1071"}],"up":[{"embeddable":true,"href":"https:\/\/portaltest.nacr.cz\/cro\/wp-json\/wp\/v2\/pages\/83"}],"wp:attachment":[{"href":"https:\/\/portaltest.nacr.cz\/cro\/wp-json\/wp\/v2\/media?parent=415"}],"curies":[{"name":"wp","href":"https:\/\/api.w.org\/{rel}","templated":true}]}}